 -w + 9, 2*w = n + 15. Let v be 69/w*2 + 1. Calculate the greatest common divisor of v and 12.
12
Let d = 37 + -17. Calculate the greatest common factor of d and 5.
5
Let v = -16 - -23. Let r(s) = s**3 - 5*s**2 - 7*s - 9. Let b be r(v). Let m be ((-24)/(-10))/(36/240). Calculate the greatest common divisor of m and b.
8
Suppose -2*j - a + 14 = -7*j, 17 = -5*j - 2*a. Let b be ((-12)/(-9))/((-2)/j). Let n be (-6)/5*80/(-6). What is the greatest common factor of n and b?
2
Suppose -a = a - 8. Let r(y) = 4*y**2 - 4*y - 3. Let x be r(a). Calculate the highest common divisor of 9 and x.
9
Suppose 3*j + 18 = 6*j. Suppose 0 = f + f - j. Let h(c) = 10*c - 1. Let x be h(1). Calculate the greatest common divisor of f and x.
3
Suppose 2*b + 3*w - 119 = 132, 3*w = 5*b - 638. Suppose -3*u + 224 + b = 0. Calculate the highest common factor of u and 13.
13
Let q be 12/42 + (-66)/(-14). Suppose -2*d + 4 = 2*g, -g = g - 4*d - 28. Let n(t) = 8*t + 7. Let u be n(g). What is the greatest common factor of q and u?
5
Let c = 14 + -12. Let i be 0 + 2 - (-2 - 10). What is the highest common factor of c and i?
2
Let p = -6 - -3. Let d be p + (3 - -7) + -2. What is the greatest common factor of d and 5?
5
Let x be (-240)/(-7) - (-12)/(-42). What is the greatest common divisor of 51 and x?
17
Suppose 0 = -3*c + 2*i, 0*c + 2*c = i + 1. Suppose c*k - 36 = -0*k + 2*a, -4*k - 4*a + 48 = 0. Let x = -4 - -9. What is the greatest common divisor of k and x?
5
Let y be 6/((-36)/(-114)) + (0 - -3). Calculate the highest common divisor of 2 and y.
2
Let g(h) = -h**2 - 15 + 26 - 15 - 9*h. Let i be g(-6). Calculate the highest common divisor of i and 42.
14
Suppose -20 = 5*k, -k = -3*o - 4 + 17. Let p(j) = -j**3 + 5*j**2 + 3. Let u be p(o). Calculate the greatest common factor of u and 3.
3
Suppose -v - 15 = -4*v. Suppose 0 = -v*f + a + 33, -2*a + 7*a + 21 = f. What is the highest common divisor of 54 and f?
6
Let m(z) = -z**3 - 2*z**2 - 2*z + 1. Let j be m(-3). Let r be 6*(-12)/(-9) - 3. Suppose 0 = -r*s + 82 + 558. What is the highest common factor of s and j?
16
Let j(y) = -y. Let o be j(-3). Suppose 0*k - k - 1 = 0, -k + 83 = o*s. What is the greatest common divisor of 4 and s?
4
Let p(j) = 25*j**2 + j. Let s be p(-1). What is the greatest common divisor of s and 3?
3
Let j be (-2 - -1)*0 - -19. Let k be ((-12)/18)/(-1)*57. Calculate the greatest common factor of k and j.
19
Suppose 5*g - 6 - 9 = 0. Let s = 0 - -1. What is the greatest common factor of g and s?
1
Let z(u) = 5*u**2 - 2. Let a be z(2). Suppose 3*r + 84 = l, -122 - 102 = -3*l + 2*r. What is the highest common factor of a and l?
18
Suppose 5 = c, p = 4*c - 0 - 17. Suppose 0 = -0*n - p*n + 96. Calculate the greatest common divisor of n and 16.
16
Suppose -3*x + 4*x = 4. Suppose 7 = 5*g - 8. Suppose -4*b + 3*a - 1 = 0, 2*b - 9 = -g*a + x. Calculate the highest common divisor of 2 and b.
2
Let i be 56/6 + 2/(-6). Let b be 3/i*4*3. What is the highest common factor of b and 16?
4
Suppose 0 = 3*x + 5*o + 38, -4*x - 102 + 33 = 3*o. Let b be 260/35 - (-9)/x. Calculate the highest common divisor of 7 and b.
7
Suppose -5*y + 413 = 168. Suppose 0 = -b + 6 + y. Calculate the greatest common divisor of b and 11.
11
Let z be 4 + -4 + -3 + 4. Let o be (z + 4)/((-2)/(-6)). What is the greatest common factor of 75 and o?
15
Suppose 0*o = 4*o - 16. Let p be ((-2)/4)/(o/(-32)). Suppose 0 = -2*l + 2*x + 146, p*l + 32 = -2*x + 336. What is the greatest common factor of l and 30?
15
Suppose -3*o + 20 = -o. Let s = 30 - 90. Let a be (-7)/((-98)/s)*-7. Calculate the greatest common divisor of o and a.
10
Let y = 0 + 10. Suppose -960 = -11*t - t. What is the highest common factor of t and y?
10
Let p = -8 + 13. Suppose 75 = p*n - 135. What is the greatest common divisor of n and 28?
14
Let r be (-6)/8 - (-87)/4. Suppose -r + 51 = 3*d. Suppose 0*c - 3*c = 15, 5*c = a - 29. What is the highest common divisor of d and a?
2
Let t = -8 + 3. Let y be 2 + t + (1 - -2). Suppose 0 = -4*d - h + 126, -2*h + y = 4. Calculate the greatest common factor of d and 4.
4
Let r(s) = s**2 + 7*s - 3. Let z be r(-4). Let b be (-4)/6*1*z. Calculate the greatest common factor of 15 and b.
5
Suppose 0 = -2*s - 4*f + 72, 5*s + 3*f = 3*s + 69. Calculate the greatest common divisor of 110 and s.
10
Let m = 6 + -10. Let g be m/(-14) - (-614)/7. Calculate the greatest common factor of g and 8.
8
Suppose -4*z + 14 = -2. Let a = 13 - -23. What is the greatest common factor of a and z?
4
Suppose 9*j - 1265 = 679. What is the highest common factor of j and 27?
27
Suppose 0 = b + 4*a - 3, -5*b = -a + 2*a - 15. Suppose m - 95 = -j + 4*j, 565 = 5*m + b*j. What is the highest common divisor of m and 10?
10
Let d = 42 + 11. What is the highest common divisor of d and 424?
53
Let q(i) = i**3 + 7*i**2 + 7*i + 8. Let b be q(-6). Calculate the greatest common divisor of b and 22.
2
Let o(c) = 3*c**2. Let a be o(1). What is the greatest common divisor of 3 and a?
3
Let v(o) = 4*o - 2. Let w be v(2). Let f = -2 + 4. Calculate the greatest common divisor of f and w.
2
Let j = -90 + 154. Calculate the highest common factor of j and 8.
8
Let v(d) = 4*d. Let u be v(5). Suppose -3*k + 85 = -u. Calculate the highest common divisor of k and 5.
5
Let b = 6 - -162. What is the highest common factor of 21 and b?
21
Suppose 198 = 2*n + n. Let u = n + 6. Calculate the greatest common divisor of u and 8.
8
Let n(q) = q**3 + 3. Let c be n(0). Let w be 29 - (c + -1) - 3. What is the greatest common divisor of 72 and w?
24
Let s be 4 - -4 - (-2 + 0). Calculate the highest common factor of s and 10.
10
Suppose 0 = -6*k - k + 28. Suppose 4*q - 22 = s, 3*q = 3*s - 2*q + 38. Let b be (1/3)/((-2)/s). Calculate the greatest common factor of k and b.
1
Let r = -6 - -8. Suppose 4*p = -5*m + 42, 2*m - r*p + 0*p = 6. Suppose 4*v + 2*j = 38, -m = v + 4*j + 2. Calculate the greatest common divisor of 108 and v.
12
Let n = 130 - 90. Let t(s) = s**2 + 4. Let u be t(0). Calculate the greatest common factor of u and n.
4
Suppose 2 + 10 = l. Suppose 24 + 12 = 3*d. What is the highest common divisor of l and d?
12
Suppose 0*t + 3*t + 18 = 0. Let r be 678/9 - 4/t. Suppose 16 = -4*s + r. Calculate the greatest common divisor of 15 and s.
15
Let q be 6/(-39) + 368/26. Calculate the highest common divisor of 28 and q.
14
Let l(p) = p**3 + 4*p**2 + 2*p - 1. Let w be l(-3). Let s be (3 - w)/1 + 13. Calculate the highest common factor of 98 and s.
14
Suppose 4*k - 10 = -2*j, 0 = 3*k + 3*j - j - 5. Suppose -3*b = -k - 22. Let o be ((-36)/30)/(1/(-30)). What is the greatest common factor of b and o?
9
Suppose 5*y = a + 12, -2*y = -3*a + 4*a - 9. Calculate the highest common factor of y and 2.
1
Let i(k) be the first derivative of k**2/2 - 3*k + 1. Let r be i(4). Calculate the greatest common divisor of r and 4.
1
Suppose 100 = -17*x + 18*x. Calculate the greatest common divisor of x and 40.
20
Suppose -i = -7 - 1. Calculate the highest common divisor of 40 and i.
8
Let x(w) = -71*w**3 - 2*w**2 + 2*w - 1. Let c be x(1). Let b = c - -45. Let f be (-6)/b - (-194)/18. What is the greatest common factor of 1 and f?
1
Let l(x) = x**3 - 18*x**2 + 16*x + 21. Let m be l(17). Calculate the highest common factor of 4 and m.
4
Let m be (99/15)/((-2)/10*-1). What is the highest common factor of 99 and m?
33
Let g be (-2)/(-7) - (-162)/21. Let v be 88 - (0 + (-5 - -3) - -2). Calculate the highest common divisor of g and v.
8
Suppose 15*t + 184 = 23*t. Calculate the highest common factor of 161 and t.
23
Let o = -99 - -173. Suppose 0 = -0*v + v + 20. Let s = v + o. Calculate the greatest common divisor of s and 6.
6
Let o be (-14 - -12) + (1 - -223)/2. Calculate the greatest common divisor of o and 11.
11
Let t be 1 + (0 - -6)/3. Let b(u) = -3 - 51*u**t + u - u**2 + 0*u**3 + 4. Let c be b(-1). Calculate the greatest common factor of 10 and c.
10
Let c = 13 - 13. Suppose r - 2*i + 1 = c, 5*r + 2*i - 30 = 5*i. Calculate the greatest common divisor of r and 36.
9
Suppose -z - 2*z + 111 = 0. What is the greatest common divisor of z and 74?
37
Let p = -1 - 2. Let c(i) = -i**3 - 4*i**2 - 2*i + 2. Let q be c(p). Let k = 9 - q. What is the greatest common factor of k and 90?
10
Suppose -d + 0*k + 53 = -k, 3*k - 33 = -d. What is the greatest com